{"version":"1.0","provider_name":"Bieszczadzki Quiz","provider_url":"https:\/\/zabieszczaduj.pl\/quiz","title":"Dzie\u0144 9: Studzionki - Kro\u015bcienko nad Dunajcem - Bieszczadzki Quiz","type":"rich","width":600,"height":338,"html":"<blockquote class=\"wp-embedded-content\" data-secret=\"nTJly2GVmu\"><a href=\"https:\/\/zabieszczaduj.pl\/quiz\/idac-przez-glowny-szlak-beskidzki\/dzien-9\/\">Dzie\u0144 9: Studzionki &#8211; Kro\u015bcienko nad Dunajcem<\/a><\/blockquote><iframe sandbox=\"allow-scripts\" security=\"restricted\" src=\"https:\/\/zabieszczaduj.pl\/quiz\/idac-przez-glowny-szlak-beskidzki\/dzien-9\/embed\/#?secret=nTJly2GVmu\" width=\"600\" height=\"338\" title=\"&#8222;Dzie\u0144 9: Studzionki &#8211; Kro\u015bcienko nad Dunajcem&#8221; &#8212; Bieszczadzki Quiz\" data-secret=\"nTJly2GVmu\" frameborder=\"0\" marginwidth=\"0\" marginheight=\"0\" scrolling=\"no\" class=\"wp-embedded-content\"><\/iframe><script type=\"text\/javascript\">\n\/* <![CDATA[ *\/\n\/*! This file is auto-generated *\/\n!function(d,l){\"use strict\";l.querySelector&&d.addEventListener&&\"undefined\"!=typeof URL&&(d.wp=d.wp||{},d.wp.receiveEmbedMessage||(d.wp.receiveEmbedMessage=function(e){var t=e.data;if((t||t.secret||t.message||t.value)&&!\/[^a-zA-Z0-9]\/.test(t.secret)){for(var s,r,n,a=l.querySelectorAll('iframe[data-secret=\"'+t.secret+'\"]'),o=l.querySelectorAll('blockquote[data-secret=\"'+t.secret+'\"]'),c=new RegExp(\"^https?:$\",\"i\"),i=0;i<o.length;i++)o[i].style.display=\"none\";for(i=0;i<a.length;i++)s=a[i],e.source===s.contentWindow&&(s.removeAttribute(\"style\"),\"height\"===t.message?(1e3<(r=parseInt(t.value,10))?r=1e3:~~r<200&&(r=200),s.height=r):\"link\"===t.message&&(r=new URL(s.getAttribute(\"src\")),n=new URL(t.value),c.test(n.protocol))&&n.host===r.host&&l.activeElement===s&&(d.top.location.href=t.value))}},d.addEventListener(\"message\",d.wp.receiveEmbedMessage,!1),l.addEventListener(\"DOMContentLoaded\",function(){for(var e,t,s=l.querySelectorAll(\"iframe.wp-embedded-content\"),r=0;r<s.length;r++)(t=(e=s[r]).getAttribute(\"data-secret\"))||(t=Math.random().toString(36).substring(2,12),e.src+=\"#?secret=\"+t,e.setAttribute(\"data-secret\",t)),e.contentWindow.postMessage({message:\"ready\",secret:t},\"*\")},!1)))}(window,document);\n\/* ]]> *\/\n<\/script>\n","thumbnail_url":"https:\/\/zabieszczaduj.pl\/quiz\/wp-content\/uploads\/2015\/10\/fbfpi_3042565abdd86986c88c3c15d02ebe7e.jpg","thumbnail_width":960,"thumbnail_height":960,"description":"Jeszcze w Studzionkach docieram do dawnej granicy zaboru austro-w\u0119gierskiego. Usypano tu symboliczny kopiec graniczny a miejsce nazwano \"\u015blebarzki\". W roku 1768, w obliczu pog\u0142\u0119biaj\u0105cej si\u0119 anarchii w Rzeczypospolitej Obojga Narod\u00f3w, dw\u00f3r wiede\u0144ski zaplanowa\u0142 zagarni\u0119cie po\u0142udniowych ziem polskich. W 1769 r. Austriacy zaj\u0119li podst\u0119pnie starostwo spiskie, a w nast\u0119pnym roku przesun\u0119li swe wojska wg\u0142\u0105b S\u0105decczyzny \u2013 po wid\u0142y Popradu i Dunajca oraz na tereny starostwa czorszty\u0144skiego i nowotarskiego. W niedziel\u0119 wszystkie drogi prowadz\u0105 na Luba\u0144. To tu o 15ej odbywa si\u0119 tradycyjne zako\u0144czenie sezonu turystycznego - jest msza \u015bw., piknik rodzinny... Dociera si\u0119 tu na wszelkie sposoby - mimo apelu w\u00f3jta by robi\u0107 to na pieszo (wycieczka z okolicznych wsi prowadzi\u0142a niejedna), na szczyt wje\u017cd\u017ca si\u0119 traktorami, quadami, motocyklami i samochodami... Kurzy si\u0119 niesamowicie, a i przyjemno\u015b\u0107 pieszej w\u0119dr\u00f3wki dodatkowo przy towarzysz\u0105cych temperaturach spada. Przy \u017arode\u0142ku - jak m\u00f3wi\u0105 - cud boski, \u017ce w og\u00f3le co\u015b sp\u0142ywa... Nale\u015bnik\u00f3w na bazie nie zrobi\u0105 - mo\u017ce to bardziej nieoficjalna opcja, dzi\u015b t\u0142umaczenie na zasadzie 'bo sanepid si\u0119 przyczepi\u0142'. Widz\u0105c, \u017ce zawijam napr\u0119dce w drugim kierunku - jedzenia na Luba\u0144 1225m tylko tyle, co kto ile w plecaku zni\u00f3s\u0142, a ja tam nic nie mam - pytaj\u0105 czy na pewno id\u0119 dalej do Kro\u015bcienka ;) Tak id\u0119. Ca\u0142y dzie\u0144 jestem tylko o wodzie, id\u0119 wi\u0119c na obiad, s\u0142ynne lody i w ko\u0144cu nocleg, bo dalej mi za daleko... Schroniskowy klimat nie za wszelk\u0105 cen\u0119. Dos\u0142ownie na moment wi\u0119c: witajcie Pieniny! Chwilowo - mam nadziej\u0119 - pisz\u0119 w liczbie pojedynczej, tym samym zach\u0119cam Was do w\u0119dr\u00f3wki: od jutra przez Beskid S\u0105decki, od 2go wrze\u015bnia Beskid Niski, od 7go Bieszczady - zapraszam! #blogtroterzy #szlakbeskidzki"}

Dzień 9: Studzionki - Krościenko nad Dunajcem - Bieszczadzki Quiz

<blockquote class="wp-embedded-content" data-secret="nTJly2GVmu"><a href="https://zabieszczaduj.pl/quiz/idac-przez-glowny-szlak-beskidzki/dzien-9/">Dzień 9: Studzionki &#8211; Krościenko nad Dunajcem</a></blockquote><iframe sandbox="allow-scripts" security="restricted" src="https://zabieszczaduj.pl/quiz/idac-przez-glowny-szlak-beskidzki/dzien-9/embed/#?secret=nTJly2GVmu" width="600" height="338" title="&#8222;Dzień 9: Studzionki &#8211; Krościenko nad Dunajcem&#8221; &#8212; Bieszczadzki Quiz" data-secret="nTJly2GVmu" frameborder="0" marginwidth="0" marginheight="0" scrolling="no" class="wp-embedded-content"></iframe><script type="text/javascript">
/* <![CDATA[ */
/*! This file is auto-generated */
!function(d,l){"use strict";l.querySelector&&d.addEventListener&&"undefined"!=typeof URL&&(d.wp=d.wp||{},d.wp.receiveEmbedMessage||(d.wp.receiveEmbedMessage=function(e){var t=e.data;if((t||t.secret||t.message||t.value)&&!/[^a-zA-Z0-9]/.test(t.secret)){for(var s,r,n,a=l.querySelectorAll('iframe[data-secret="'+t.secret+'"]'),o=l.querySelectorAll('blockquote[data-secret="'+t.secret+'"]'),c=new RegExp("^https?:$","i"),i=0;i<o.length;i++)o[i].style.display="none";for(i=0;i<a.length;i++)s=a[i],e.source===s.contentWindow&&(s.removeAttribute("style"),"height"===t.message?(1e3<(r=parseInt(t.value,10))?r=1e3:~~r<200&&(r=200),s.height=r):"link"===t.message&&(r=new URL(s.getAttribute("src")),n=new URL(t.value),c.test(n.protocol))&&n.host===r.host&&l.activeElement===s&&(d.top.location.href=t.value))}},d.addEventListener("message",d.wp.receiveEmbedMessage,!1),l.addEventListener("DOMContentLoaded",function(){for(var e,t,s=l.querySelectorAll("iframe.wp-embedded-content"),r=0;r<s.length;r++)(t=(e=s[r]).getAttribute("data-secret"))||(t=Math.random().toString(36).substring(2,12),e.src+="#?secret="+t,e.setAttribute("data-secret",t)),e.contentWindow.postMessage({message:"ready",secret:t},"*")},!1)))}(window,document);
/* ]]> */
</script>

Jeszcze w Studzionkach docieram do dawnej granicy zaboru austro-węgierskiego. Usypano tu symboliczny kopiec graniczny a miejsce nazwano "ślebarzki". W roku 1768, w obliczu pogłębiającej się anarchii w Rzeczypospolitej Obojga Narodów, dwór wiedeński zaplanował zagarnięcie południowych ziem polskich. W 1769 r. Austriacy zajęli podstępnie starostwo spiskie, a w następnym roku przesunęli swe wojska wgłąb Sądecczyzny – po widły Popradu i Dunajca oraz na tereny starostwa czorsztyńskiego i nowotarskiego. W niedzielę wszystkie drogi prowadzą na Lubań. To tu o 15ej odbywa się tradycyjne zakończenie sezonu turystycznego - jest msza św., piknik rodzinny... Dociera się tu na wszelkie sposoby - mimo apelu wójta by robić to na pieszo (wycieczka z okolicznych wsi prowadziła niejedna), na szczyt wjeżdża się traktorami, quadami, motocyklami i samochodami... Kurzy się niesamowicie, a i przyjemność pieszej wędrówki dodatkowo przy towarzyszących temperaturach spada. Przy źrodełku - jak mówią - cud boski, że w ogóle coś spływa... Naleśników na bazie nie zrobią - może to bardziej nieoficjalna opcja, dziś tłumaczenie na zasadzie 'bo sanepid się przyczepił'. Widząc, że zawijam naprędce w drugim kierunku - jedzenia na Lubań 1225m tylko tyle, co kto ile w plecaku zniósł, a ja tam nic nie mam - pytają czy na pewno idę dalej do Krościenka ;) Tak idę. Cały dzień jestem tylko o wodzie, idę więc na obiad, słynne lody i w końcu nocleg, bo dalej mi za daleko... Schroniskowy klimat nie za wszelką cenę. Dosłownie na moment więc: witajcie Pieniny! Chwilowo - mam nadzieję - piszę w liczbie pojedynczej, tym samym zachęcam Was do wędrówki: od jutra przez Beskid Sądecki, od 2go września Beskid Niski, od 7go Bieszczady - zapraszam! #blogtroterzy #szlakbeskidzki
